 = 385. Suppose 2*s + l = 735. Is s a prime number?
False
Let j be -7 + (-2 - -7) - -12. Suppose -d = -2*m - 159, -j*d + 5*d = 4*m - 823. Is d prime?
True
Suppose 0 = 2*q - u - 7, 5*u + 18 = 5*q - 7. Let a be 1/(-3 + q) + 1535. Suppose -1224 + 300 = -3*f - 3*o, o + a = 5*f. Is f composite?
False
Suppose 37 = 2*q + 19. Is 742 - (0 + q)*3/(-9) a prime number?
False
Let a(u) = u**3 + 2*u**2 - u + 9. Let y be a(-3). Suppose 20 = y*m - 271. Is m composite?
False
Let s = 24240 - -2933. Is s a composite number?
True
Suppose 241554 = 10*d - 195416. Is d prime?
False
Let h(k) = 20*k**2 - 1. Let p(v) = v**2 - 2*v - 5. Let i be p(4). Suppose 0 = -r - 2*r + i. Is h(r) a composite number?
False
Suppose -2*k - o - 5 = 0, o = -k + 2*o - 1. Is (-3 + (-73)/2)*k prime?
True
Suppose 0 = 3*x - 394 - 1406. Let c be 3 + 1 + 359 + -1 + 5. Let w = x - c. Is w composite?
False
Let j(g) = 7*g**3 - g**2 - g + 4. Let z be j(2). Suppose 5*b = -4*l + 259, b - 2*b - 3*l + z = 0. Is b a prime number?
False
Suppose 3 = 3*k + 2*p - 16, 0 = -3*k + 2*p + 23. Suppose 5779 = k*o - 8004. Is o a composite number?
True
Let g(t) = 5*t**2 - t + 9. Let y be g(7). Let x = 352 - y. Suppose -2*u = -33 - x. Is u a prime number?
False
Is (-1 - 0)/((-6 + 8)/(-61058)) prime?
True
Is 15556 + 3 - 5/((-35)/(-14)) composite?
True
Suppose 0 = -3*d - g + 3086, 9*d + g = 12*d - 3076. Is d prime?
False
Suppose 9*w = 139200 + 99363. Is w a prime number?
False
Suppose -240 = -3*h + 2*j, 0 = h - 3*j + 8*j - 97. Suppose -4*n - h = -478. Suppose -3*m + 174 + n = 0. Is m composite?
True
Suppose -s - 10 = -2*o - 2, -2*s = 2*o - 14. Suppose s*d + 4*q = 978, 0 = d + 4*d - 4*q - 2375. Is d composite?
False
Let t(p) be the third derivative of -7*p**5/60 - p**4/8 + p**3/6 + 3*p**2. Let y(j) = -13*j**2 - 6*j + 3. Let x(k) = -5*t(k) + 2*y(k). Is x(-2) a prime number?
True
Suppose 5*b - 3*j = 2*b + 3249, 0 = 3*b + 5*j - 3257. Let v = b - -2079. Is v prime?
True
Let q = -6 + 12. Let p be 20/q - (-1)/(-3). Is -4 - p/(-6)*142 composite?
False
Let j(f) = 12*f**3 + 2*f**2 + 4*f - 11. Suppose -10 = 3*o - 25. Is j(o) prime?
True
Let o = -102 - -104. Is (1/o)/((-3)/(-2586)) composite?
False
Suppose 0 = -3*x - 4*f + 19612 - 5334, 23806 = 5*x + 2*f. Is x prime?
False
Suppose 5*d = -4*z - 20, 7*d - 2*d + 50 = 2*z. Let a(t) = t**3 + 9*t**2 + 5*t - 18. Let r be a(d). Suppose 446 = r*p - 4*p. Is p a composite number?
False
Let l(x) = -8*x**2 + 3*x + 1. Let h = 4 + 0. Let v(j) = -8*j**2 + 2*j. Let n(g) = h*v(g) - 5*l(g). Is n(-8) composite?
False
Let s = -31 - 118. Let g = 424 - s. Is g a composite number?
True
Suppose u = 3*u - 10. Suppose -3*y + 8 - 17 = 0, 5*x + u*y + 35 = 0. Is 369/(-6)*x/3 a prime number?
False
Suppose -7*k = 198 - 751. Is k a prime number?
True
Let s(j) = 89*j + 1. Let c(l) = -l - 1. Let n(d) = -6*c(d) - s(d). Is n(-4) a composite number?
False
Suppose 0 = -4*q - 3*b + 3 + 38, -4 = 4*b. Let o = -8 + q. Suppose -o*i + 2*c = 100 - 869, 0 = 4*i + 2*c - 1030. Is i composite?
False
Let x = -20413 + 88710. Is x a composite number?
True
Suppose d + 1 = p, 5*d + 23 = 3*p + 14. Let w(z) = -3 + 12*z - 48*z - 40*z. Is w(p) a composite number?
False
Suppose -23*v + 37513 = -0*v. Is v composite?
True
Suppose -6*p + 7 = 19. Is (p*1)/((-24)/5388) prime?
True
Suppose -1179523 = 36*o - 73*o. Is o a composite number?
True
Let o = -39215 + 57708. Is o a composite number?
False
Is (-42)/8 + 5 + 1406119/44 a prime number?
True
Suppose 0 = -2*u + 3*q + 131870, -u + 65935 = 5*q - 4*q. Is u composite?
True
Let w(a) = 154*a - 4. Let c(b) be the first derivative of -231*b**2/2 + 6*b + 3. Let v(f) = 5*c(f) + 7*w(f). Is v(-1) a prime number?
True
Let n(b) = -b + 22. Let y be n(23). Let q(v) = -118*v**3 + v**2 - v - 2. Is q(y) composite?
True
Suppose -19*s + 8*s - 363 = 0. Let a = -298 - -450. Let b = s + a. Is b a composite number?
True
Is 1653 + (2 + 0 - (-8 + 14)) prime?
False
Let b = 1148 + -565. Let g = 459 + b. Is g a prime number?
False
Let q = -8 + 12. Suppose -q*l = -81 + 9. Is (-14)/(-63) + 410/l a composite number?
False
Let v = -194 + 1333. Is v composite?
True
Let z = -33 + 30. Is 887*(-11 - 4)/z a composite number?
True
Let t be (0 + 1*-2190)*12/(-5). Suppose 8*d - t - 2176 = 0. Is d a prime number?
True
Suppose -3*b + 4*p = -68707, -4*p - 22913 = -2*b + b. Suppose -8*k - b = -15*k. Is k prime?
True
Suppose -68*d = -65*d - 2019. Is d a prime number?
True
Suppose 0 = -5*c + m + 63, 2*m + 2*m = -c. Let x = c - 8. Suppose 131 = 4*h - 3*q, -2*h - q = -x*h + 67. Is h composite?
True
Let b(n) = -2 + n + 40*n + 31*n. Let x be b(1). Let d = 321 - x. Is d a composite number?
False
Let p be (-2)/9 + 5 + 16/(-9). Suppose -g + 1695 = 2*t, 0*g - p*g + 5081 = 2*t. Is g composite?
False
Let z be 210/(-15) + (0 - 1). Let o(i) = -i**3 - 8*i**2 + 16*i + 11. Is o(z) composite?
True
Let l = -48293 + 212146. Is l prime?
True
Is ((-52335)/(-12))/((-6)/(-8)) a prime number?
False
Let l be (9 - 8)/((-2)/(-30)). Suppose -l*y = -554 - 5401. Is y prime?
True
Let v(f) = 10*f + 7. Suppose -3*u - 2331 = 1569. Let b be 2/(-7) - u/140. Is v(b) prime?
True
Let o = -1379 + 462. Let x = o - -1552. Is x a prime number?
False
Suppose -27 = -3*f - 21. Suppose f*b + 2*b + 1062 = 2*j, b + 1077 = 2*j. Is j a composite number?
False
Let k be ((-3)/12)/(2/(-104)). Suppose 0 = 4*w - 8, -3*h - 5*w + 3 + k = 0. Suppose h*s = f - 53, 0 = 5*f - f - 2*s - 194. Is f composite?
False
Suppose 0 = k - 5*k + 88. Suppose -4*p + 100 = 3*z, -2*p + 2*z = -2*z - 50. Suppose p + k = b. Is b composite?
False
Suppose -119663 = -7*r - 10*r. Is r a prime number?
True
Suppose -5*n = -4*n + 2. Let k be 3/n*70/(-21). Suppose 3*m = k*m - 22. Is m composite?
False
Let i = 14 - -7. Let a = -2 + -16. Let u = i + a. Is u composite?
False
Let n(t) = 1074*t + 5. Is n(2) a composite number?
False
Suppose 2*a + 137 = 7. Let y = a - -156. Is y a composite number?
True
Let f = 4232 - -3377. Is f prime?
False
Is 1/(((-20)/6390)/((-4)/6)) a prime number?
False
Is (2 + (-10)/6)/(14/418908) a prime number?
False
Let g = -53 + 87. Let q = g + 79. Is q prime?
True
Suppose -2*h + 5 = -5. Suppose -5*w = 3*t - 4*t + 291, 921 = 3*t - 3*w. Suppose -b - h*f = -t, -b - 4*f = -392 + 77. Is b a composite number?
False
Let g be (-1)/(-3) - (-4 - (-26)/6). Suppose -6*y + 7176 + 6822 = g. Is y composite?
False
Let g = 12859 - 3350. Is g composite?
True
Suppose -2*u + 208 + 566 = -5*k, -k = -4*u + 162. Let n be k/(-30) - 20/150. Suppose n*v - 219 + 24 = 0. Is v composite?
True
Let o(m) = -215*m - 327. Is o(-23) a prime number?
False
Let k be 1*-4*9/(-12). Suppose -4*n = s + s + 20, 5*n = k*s + 30. Is 4/s + 6489/35 composite?
True
Let m(z) = 6895*z - 14. Is m(3) a composite number?
True
Suppose 5*q + 3*p = -48, q + 4*p - 2 = 2. Let b be ((-9)/q)/((-2)/(-8)). Suppose -5*j + b*j = -222. Is j a composite number?
True
Let d = 70 + -59. Suppose 0 = -d*u + 14*u - 17895. Is u composite?
True
Suppose -3*a = 4*l - 168930 + 59489, l + 2*a = 27359. Is l composite?
False
Let c = 102 + -246. Let i = 533 + c. Is i a prime number?
True
Let n(o) = 23*o + 3. Let h be n(3). Let i = 161 - h. Is i prime?
True
Suppose p = g + 5*p + 18, 3*p + 15 = 0. Suppose -3*w = 5*h - 1091, -2*h + w = -g*w - 428. Is h prime?
False
Suppose 22009 = -2*g + 5*p + 55491, 2*p = 8. Is g a prime number?
False
Suppose 4305 = -2*s + 5*s. Let w = -708 + s. Is w a prime number?
True
Suppose -56*v = -52*v - 10412. Is v prime?
False
Let h = -416 + 286. Let m = h + -12. Let j = m - -271. Is j prime?
False
Let k = -11 - -4. Let n = -6 - k. Is -91*(0 + n)/(-1) a prime number?
False
Suppose 2 = h, 2*t + 18 = t + 2*h. Is 1/(-2) - 6993/t prime?
True
Suppose -6 = -2*o, -4*i - 3*o + 4 = -13. Let v(p) = 103*p - 1. Is v(i) composite?
True
Let g(l) = 2*l**2 - 66*l + 149. Is g(70) prime?
False
Suppose -57*g + 46 = -55*g. Suppose -g = 4*c - 1795. Is c a prime number?
True
Let f(z) = 62*z**2 - 12*z + 39. Is f(7) a prime number?
False
Let h = -1427 - -2226. Is h composite?
True
Suppose -3*h - 42 = -5*m, 3*m + 3*h - 34 = 7*h. Suppose -m*g + 5*g = -89. Is g a prime number?
True
Let s(n) = n**3 + 11*n**2 + n + 14. Let k be s(-11). Suppose -k*t = t - 3*a - 797, -4*a + 20 = 0. Is t a composite number?
True
Is (-14)/(-2) - (-4 - 61179 - -13) a composite number?
True
Let f(z) = 8*z**3